CRAN Package Check Results for Package survHE

Last updated on 2019-01-15 00:46:48 CET.

Flavor Version Tinstall Tcheck Ttotal Status Flags
r-devel-linux-x86_64-debian-clang 1.0.65 853.18 181.35 1034.53 NOTE
r-devel-linux-x86_64-debian-gcc 1.0.65 979.18 178.53 1157.71 NOTE
r-devel-linux-x86_64-fedora-clang 1.0.65 1669.62 NOTE
r-devel-linux-x86_64-fedora-gcc 1.0.65 1759.98 NOTE
r-devel-windows-ix86+x86_64 1.0.65 1743.00 445.00 2188.00 NOTE
r-patched-linux-x86_64 1.0.65 1160.44 213.29 1373.73 NOTE
r-patched-solaris-x86 1.0.65 1423.50 NOTE
r-release-linux-x86_64 1.0.65 1188.43 214.65 1403.08 NOTE
r-release-windows-ix86+x86_64 1.0.65 2260.00 281.00 2541.00 NOTE
r-release-osx-x86_64 1.0.65 NOTE
r-oldrel-windows-ix86+x86_64 1.0.65 1785.00 349.00 2134.00 NOTE
r-oldrel-osx-x86_64 1.0.65 NOTE

Check Details

Version: 1.0.65
Check: package dependencies
Result: NOTE
    Package suggested but not available for checking: ‘INLA’
Flavors: r-devel-linux-x86_64-debian-clang, r-devel-linux-x86_64-debian-gcc, r-patched-linux-x86_64, r-patched-solaris-x86, r-release-linux-x86_64, r-release-osx-x86_64, r-oldrel-osx-x86_64

Version: 1.0.65
Check: for GNU extensions in Makefiles
Result: NOTE
    GNU make is a SystemRequirements.
Flavors: r-devel-linux-x86_64-debian-clang, r-devel-linux-x86_64-debian-gcc, r-devel-linux-x86_64-fedora-clang, r-devel-linux-x86_64-fedora-gcc, r-devel-windows-ix86+x86_64, r-patched-linux-x86_64, r-patched-solaris-x86, r-release-linux-x86_64, r-release-windows-ix86+x86_64, r-release-osx-x86_64, r-oldrel-windows-ix86+x86_64, r-oldrel-osx-x86_64

Version: 1.0.65
Check: installed package size
Result: NOTE
     installed size is 160.5Mb
     sub-directories of 1Mb or more:
     libs 159.0Mb
Flavors: r-devel-linux-x86_64-fedora-clang, r-devel-windows-ix86+x86_64, r-patched-solaris-x86, r-release-windows-ix86+x86_64, r-release-osx-x86_64, r-oldrel-windows-ix86+x86_64, r-oldrel-osx-x86_64