Last updated on 2019-01-15 00:46:48 CET.
Flavor | Version | Tinstall | Tcheck | Ttotal | Status | Flags |
---|---|---|---|---|---|---|
r-devel-linux-x86_64-debian-clang | 2.43-3 | 47.70 | 500.21 | 547.91 | OK | |
r-devel-linux-x86_64-debian-gcc | 2.43-3 | 31.20 | 387.69 | 418.89 | OK | |
r-devel-linux-x86_64-fedora-clang | 2.43-3 | 645.44 | NOTE | |||
r-devel-linux-x86_64-fedora-gcc | 2.43-3 | 604.07 | OK | |||
r-devel-windows-ix86+x86_64 | 2.43-3 | 83.00 | 1014.00 | 1097.00 | NOTE | |
r-patched-linux-x86_64 | 2.43-3 | 37.29 | 452.38 | 489.67 | OK | |
r-patched-solaris-x86 | 2.43-3 | NOTE | ||||
r-release-linux-x86_64 | 2.43-3 | 36.39 | 446.63 | 483.02 | OK | |
r-release-windows-ix86+x86_64 | 2.43-3 | 122.00 | 679.00 | 801.00 | NOTE | |
r-release-osx-x86_64 | 2.43-3 | NOTE | ||||
r-oldrel-windows-ix86+x86_64 | 2.43-3 | 86.00 | 679.00 | 765.00 | NOTE | |
r-oldrel-osx-x86_64 | 2.43-3 | NOTE |
Version: 2.43-3
Check: installed package size
Result: NOTE
installed size is 5.9Mb
sub-directories of 1Mb or more:
doc 3.0Mb
Flavors: r-devel-linux-x86_64-fedora-clang, r-devel-windows-ix86+x86_64, r-patched-solaris-x86, r-release-windows-ix86+x86_64, r-release-osx-x86_64, r-oldrel-windows-ix86+x86_64, r-oldrel-osx-x86_64