CRAN Package Check Results for Package tableschema.r

Last updated on 2019-01-15 00:46:49 CET.

Flavor Version Tinstall Tcheck Ttotal Status Flags
r-devel-linux-x86_64-debian-clang 1.1.0 9.07 59.06 68.13 OK
r-devel-linux-x86_64-debian-gcc 1.1.0 9.53 44.89 54.42 OK
r-devel-linux-x86_64-fedora-clang 1.1.0 80.45 NOTE
r-devel-linux-x86_64-fedora-gcc 1.1.0 76.49 NOTE
r-devel-windows-ix86+x86_64 1.1.0 15.00 201.00 216.00 OK
r-patched-linux-x86_64 1.1.0 10.29 55.61 65.90 OK
r-patched-solaris-x86 1.1.0 104.90 NOTE
r-release-linux-x86_64 1.1.0 8.26 54.35 62.61 OK
r-release-windows-ix86+x86_64 1.1.0 19.00 141.00 160.00 OK
r-release-osx-x86_64 1.1.0 NOTE
r-oldrel-windows-ix86+x86_64 1.1.0 5.00 143.00 148.00 OK
r-oldrel-osx-x86_64 1.1.0 NOTE

Check Details

Version: 1.1.0
Check: dependencies in R code
Result: NOTE
    Namespace in Imports field not imported from: ‘iterators’
     All declared Imports should be used.
Flavors: r-devel-linux-x86_64-fedora-clang, r-devel-linux-x86_64-fedora-gcc, r-patched-solaris-x86, r-release-osx-x86_64, r-oldrel-osx-x86_64