CRAN Package Check Results for Package tabula

Last updated on 2019-01-15 00:46:49 CET.

Flavor Version Tinstall Tcheck Ttotal Status Flags
r-devel-linux-x86_64-debian-clang 1.0.0 6.16 103.76 109.92 OK
r-devel-linux-x86_64-debian-gcc 1.0.0 5.60 78.67 84.27 OK
r-devel-linux-x86_64-fedora-clang 1.0.0 128.15 NOTE
r-devel-linux-x86_64-fedora-gcc 1.0.0 119.07 NOTE
r-devel-windows-ix86+x86_64 1.0.0 11.00 169.00 180.00 OK
r-patched-linux-x86_64 1.0.0 5.38 93.46 98.84 OK
r-patched-solaris-x86 1.0.0 164.20 NOTE
r-release-linux-x86_64 1.0.0 5.73 92.92 98.65 OK
r-release-windows-ix86+x86_64 1.0.0 19.00 115.00 134.00 OK
r-release-osx-x86_64 1.0.0 NOTE
r-oldrel-windows-ix86+x86_64 1.0.0 7.00 131.00 138.00 OK
r-oldrel-osx-x86_64 1.0.0 NOTE

Additional issues

noLD

Check Details

Version: 1.0.0
Check: dependencies in R code
Result: NOTE
    Namespaces in Imports field not imported from:
     ‘dplyr’ ‘tidyr’
     All declared Imports should be used.
Flavors: r-devel-linux-x86_64-fedora-clang, r-devel-linux-x86_64-fedora-gcc, r-patched-solaris-x86, r-release-osx-x86_64, r-oldrel-osx-x86_64