Last updated on 2019-01-15 00:46:49 CET.
Flavor | Version | Tinstall | Tcheck | Ttotal | Status | Flags |
---|---|---|---|---|---|---|
r-devel-linux-x86_64-debian-clang | 0.1.0 | 4.29 | 55.08 | 59.37 | OK | |
r-devel-linux-x86_64-debian-gcc | 0.1.0 | 3.69 | 42.12 | 45.81 | OK | |
r-devel-linux-x86_64-fedora-clang | 0.1.0 | 67.06 | NOTE | |||
r-devel-linux-x86_64-fedora-gcc | 0.1.0 | 61.37 | NOTE | |||
r-devel-windows-ix86+x86_64 | 0.1.0 | 8.00 | 109.00 | 117.00 | OK | |
r-patched-linux-x86_64 | 0.1.0 | 3.64 | 50.30 | 53.94 | OK | |
r-patched-solaris-x86 | 0.1.0 | 102.30 | NOTE | |||
r-release-linux-x86_64 | 0.1.0 | 4.42 | 47.39 | 51.81 | OK | |
r-release-windows-ix86+x86_64 | 0.1.0 | 13.00 | 74.00 | 87.00 | OK | |
r-release-osx-x86_64 | 0.1.0 | NOTE | ||||
r-oldrel-windows-ix86+x86_64 | 0.1.0 | 9.00 | 61.00 | 70.00 | OK | |
r-oldrel-osx-x86_64 | 0.1.0 | NOTE |
Version: 0.1.0
Check: dependencies in R code
Result: NOTE
Namespaces in Imports field not imported from:
‘MASS’ ‘devEMF’ ‘segmented’ ‘smoother’ ‘tools’
All declared Imports should be used.
Flavors: r-devel-linux-x86_64-fedora-clang, r-devel-linux-x86_64-fedora-gcc, r-patched-solaris-x86, r-release-osx-x86_64, r-oldrel-osx-x86_64