CRAN Package Check Results for Package textclean

Last updated on 2019-01-15 00:46:49 CET.

Flavor Version Tinstall Tcheck Ttotal Status Flags
r-devel-linux-x86_64-debian-clang 0.9.3 11.25 43.06 54.31 OK
r-devel-linux-x86_64-debian-gcc 0.9.3 9.98 33.95 43.93 OK
r-devel-linux-x86_64-fedora-clang 0.9.3 63.22 NOTE
r-devel-linux-x86_64-fedora-gcc 0.9.3 59.26 NOTE
r-devel-windows-ix86+x86_64 0.9.3 15.00 76.00 91.00 OK
r-patched-linux-x86_64 0.9.3 10.90 39.50 50.40 OK
r-patched-solaris-x86 0.9.3 96.00 NOTE
r-release-linux-x86_64 0.9.3 10.69 36.93 47.62 OK
r-release-windows-ix86+x86_64 0.9.3 22.00 50.00 72.00 OK
r-release-osx-x86_64 0.9.3 NOTE
r-oldrel-windows-ix86+x86_64 0.9.3 16.00 50.00 66.00 OK
r-oldrel-osx-x86_64 0.9.3 NOTE

Check Details

Version: 0.9.3
Check: dependencies in R code
Result: NOTE
    Namespace in Imports field not imported from: ‘lexicon’
     All declared Imports should be used.
Flavors: r-devel-linux-x86_64-fedora-clang, r-devel-linux-x86_64-fedora-gcc, r-patched-solaris-x86, r-release-osx-x86_64, r-oldrel-osx-x86_64