CRAN Package Check Results for Package tiff

Last updated on 2019-01-15 00:46:49 CET.

Flavor Version Tinstall Tcheck Ttotal Status Flags
r-devel-linux-x86_64-debian-clang 0.1-5 2.28 16.38 18.66 OK
r-devel-linux-x86_64-debian-gcc 0.1-5 1.58 13.32 14.90 OK
r-devel-linux-x86_64-fedora-clang 0.1-5 22.17 NOTE
r-devel-linux-x86_64-fedora-gcc 0.1-5 20.71 NOTE
r-devel-windows-ix86+x86_64 0.1-5 13.00 45.00 58.00 OK
r-patched-linux-x86_64 0.1-5 1.82 15.25 17.07 OK
r-patched-solaris-x86 0.1-5 34.50 OK
r-release-linux-x86_64 0.1-5 1.78 15.29 17.07 OK
r-release-windows-ix86+x86_64 0.1-5 16.00 32.00 48.00 OK
r-release-osx-x86_64 0.1-5 OK
r-oldrel-windows-ix86+x86_64 0.1-5 13.00 44.00 57.00 OK
r-oldrel-osx-x86_64 0.1-5 OK

Additional issues

rchk

Check Details

Version: 0.1-5
Check: compiled code
Result: NOTE
    File ‘tiff/libs/tiff.so’:
     Found no calls to: ‘R_registerRoutines’, ‘R_useDynamicSymbols’
    
    It is good practice to register native routines and to disable symbol
    search.
    
    See ‘Writing portable packages’ in the ‘Writing R Extensions’ manual.
Flavors: r-devel-linux-x86_64-fedora-clang, r-devel-linux-x86_64-fedora-gcc