CRAN Package Check Results for Package tilegramsR

Last updated on 2019-01-15 00:46:49 CET.

Flavor Version Tinstall Tcheck Ttotal Status Flags
r-devel-linux-x86_64-debian-clang 0.2.0 3.34 37.43 40.77 OK
r-devel-linux-x86_64-debian-gcc 0.2.0 3.32 32.67 35.99 OK
r-devel-linux-x86_64-fedora-clang 0.2.0 51.35 NOTE
r-devel-linux-x86_64-fedora-gcc 0.2.0 48.99 NOTE
r-devel-windows-ix86+x86_64 0.2.0 6.00 69.00 75.00 OK
r-patched-linux-x86_64 0.2.0 3.37 34.97 38.34 OK
r-patched-solaris-x86 0.2.0 80.50 NOTE
r-release-linux-x86_64 0.2.0 3.32 35.20 38.52 OK
r-release-windows-ix86+x86_64 0.2.0 12.00 51.00 63.00 OK
r-release-osx-x86_64 0.2.0 NOTE
r-oldrel-windows-ix86+x86_64 0.2.0 7.00 48.00 55.00 OK
r-oldrel-osx-x86_64 0.2.0 NOTE

Check Details

Version: 0.2.0
Check: dependencies in R code
Result: NOTE
    Namespace in Imports field not imported from: ‘sp’
     All declared Imports should be used.
Flavors: r-devel-linux-x86_64-fedora-clang, r-devel-linux-x86_64-fedora-gcc, r-patched-solaris-x86, r-release-osx-x86_64, r-oldrel-osx-x86_64

Version: 0.2.0
Check: data for non-ASCII characters
Result: NOTE
     Note: found 341 marked UTF-8 strings
Flavors: r-devel-linux-x86_64-fedora-clang, r-devel-linux-x86_64-fedora-gcc, r-patched-solaris-x86, r-release-osx-x86_64, r-oldrel-osx-x86_64