CRAN Package Check Results for Package tokenizers

Last updated on 2019-01-15 00:46:49 CET.

Flavor Version Tinstall Tcheck Ttotal Status Flags
r-devel-linux-x86_64-debian-clang 0.2.1 23.39 35.85 59.24 OK
r-devel-linux-x86_64-debian-gcc 0.2.1 21.11 28.92 50.03 OK
r-devel-linux-x86_64-fedora-clang 0.2.1 80.85 NOTE
r-devel-linux-x86_64-fedora-gcc 0.2.1 73.28 NOTE
r-devel-windows-ix86+x86_64 0.2.1 42.00 99.00 141.00 OK
r-patched-linux-x86_64 0.2.1 23.91 32.67 56.58 OK
r-patched-solaris-x86 0.2.1 90.70 NOTE
r-release-linux-x86_64 0.2.1 25.28 32.45 57.73 OK
r-release-windows-ix86+x86_64 0.2.1 64.00 67.00 131.00 OK
r-release-osx-x86_64 0.2.1 NOTE
r-oldrel-windows-ix86+x86_64 0.2.1 58.00 69.00 127.00 OK
r-oldrel-osx-x86_64 0.2.1 NOTE

Check Details

Version: 0.2.1
Check: data for non-ASCII characters
Result: NOTE
     Note: found 1 marked UTF-8 string
Flavors: r-devel-linux-x86_64-fedora-clang, r-devel-linux-x86_64-fedora-gcc, r-patched-solaris-x86, r-release-osx-x86_64, r-oldrel-osx-x86_64