Last updated on 2019-01-15 00:46:50 CET.
Flavor | Version | Tinstall | Tcheck | Ttotal | Status | Flags |
---|---|---|---|---|---|---|
r-devel-linux-x86_64-debian-clang | 1.5.0 | 11.94 | 146.02 | 157.96 | OK | |
r-devel-linux-x86_64-debian-gcc | 1.5.0 | 12.56 | 115.77 | 128.33 | OK | |
r-devel-linux-x86_64-fedora-clang | 1.5.0 | 190.42 | OK | |||
r-devel-linux-x86_64-fedora-gcc | 1.5.0 | 178.59 | OK | |||
r-devel-windows-ix86+x86_64 | 1.5.0 | 20.00 | 221.00 | 241.00 | OK | |
r-patched-linux-x86_64 | 1.5.0 | 16.44 | 138.88 | 155.32 | OK | |
r-patched-solaris-x86 | 1.5.0 | 279.40 | OK | |||
r-release-linux-x86_64 | 1.5.0 | 11.89 | 139.68 | 151.57 | OK | |
r-release-windows-ix86+x86_64 | 1.5.0 | 29.00 | 174.00 | 203.00 | OK | |
r-release-osx-x86_64 | 1.5.0 | OK | ||||
r-oldrel-windows-ix86+x86_64 | 1.5.0 | 23.00 | 182.00 | 205.00 | OK | |
r-oldrel-osx-x86_64 | 1.5.0 | WARN |
Version: 1.5.0
Check: package dependencies
Result: NOTE
Package suggested but not available for checking: ‘rgdal’
Flavor: r-oldrel-osx-x86_64
Version: 1.5.0
Check: Rd cross-references
Result: NOTE
Package unavailable to check Rd xrefs: ‘rgdal’
Flavor: r-oldrel-osx-x86_64
Version: 1.5.0
Check: re-building of vignette outputs
Result: WARN
Error in re-building vignettes:
...
Warning in engine$weave(file, quiet = quiet, encoding = enc) :
Pandoc (>= 1.12.3) and/or pandoc-citeproc not available. Falling back to R Markdown v1.
Quitting from lines 62-71 (trip.Rmd)
Error: processing vignette 'trip.Rmd' failed with diagnostics:
there is no package called 'rgdal'
Execution halted
Flavor: r-oldrel-osx-x86_64