Last updated on 2019-01-15 00:46:50 CET.
Flavor | Version | Tinstall | Tcheck | Ttotal | Status | Flags |
---|---|---|---|---|---|---|
r-devel-linux-x86_64-debian-clang | 1.4.5 | 0.89 | 2.26 | 3.15 | ERROR | |
r-devel-linux-x86_64-debian-gcc | 1.4.5 | 15.77 | 132.39 | 148.16 | WARN | |
r-devel-linux-x86_64-fedora-clang | 1.4.5 | 234.40 | WARN | |||
r-devel-linux-x86_64-fedora-gcc | 1.4.5 | 195.35 | WARN | |||
r-devel-windows-ix86+x86_64 | 1.4.5 | 26.00 | 290.00 | 316.00 | OK | |
r-patched-linux-x86_64 | 1.4.5 | 19.20 | 189.52 | 208.72 | OK | |
r-patched-solaris-x86 | 1.4.5 | 289.00 | OK | |||
r-release-linux-x86_64 | 1.4.5 | 14.65 | 188.56 | 203.21 | OK | |
r-release-windows-ix86+x86_64 | 1.4.5 | 33.00 | 195.00 | 228.00 | OK | |
r-release-osx-x86_64 | 1.4.5 | OK | ||||
r-oldrel-windows-ix86+x86_64 | 1.4.5 | 12.00 | 211.00 | 223.00 | OK | |
r-oldrel-osx-x86_64 | 1.4.5 | OK |
Version: 1.4.5
Check: package dependencies
Result: ERROR
Package required but not available: ‘diffobj’
See section ‘The DESCRIPTION file’ in the ‘Writing R Extensions’
manual.
Flavor: r-devel-linux-x86_64-debian-clang
Version: 1.4.5
Check: whether package can be installed
Result: WARN
Found the following significant warnings:
The prototype for class “unitizerGlobalStateFuns” has undefined slot(s): 'namespaces'
Flavors: r-devel-linux-x86_64-debian-gcc, r-devel-linux-x86_64-fedora-clang, r-devel-linux-x86_64-fedora-gcc