Last updated on 2019-01-15 00:46:51 CET.
Flavor | Version | Tinstall | Tcheck | Ttotal | Status | Flags |
---|---|---|---|---|---|---|
r-devel-linux-x86_64-debian-clang | 0.1.3 | 0.70 | 1.93 | 2.63 | ERROR | |
r-devel-linux-x86_64-debian-gcc | 0.1.3 | 19.08 | 138.35 | 157.43 | OK | |
r-devel-linux-x86_64-fedora-clang | 0.1.3 | 190.75 | NOTE | |||
r-devel-linux-x86_64-fedora-gcc | 0.1.3 | 216.47 | NOTE | |||
r-devel-windows-ix86+x86_64 | 0.1.3 | 29.00 | 245.00 | 274.00 | OK | |
r-patched-linux-x86_64 | 0.1.3 | 20.71 | 164.99 | 185.70 | OK | |
r-patched-solaris-x86 | 0.1.3 | 359.70 | NOTE | |||
r-release-linux-x86_64 | 0.1.3 | 19.79 | 160.27 | 180.06 | OK | |
r-release-windows-ix86+x86_64 | 0.1.3 | 42.00 | 165.00 | 207.00 | OK | |
r-release-osx-x86_64 | 0.1.3 | NOTE | ||||
r-oldrel-windows-ix86+x86_64 | 0.1.3 | 31.00 | 182.00 | 213.00 | OK | |
r-oldrel-osx-x86_64 | 0.1.3 | NOTE |
Version: 0.1.3
Check: package dependencies
Result: ERROR
Package required but not available: ‘taxlist’
See section ‘The DESCRIPTION file’ in the ‘Writing R Extensions’
manual.
Flavor: r-devel-linux-x86_64-debian-clang
Version: 0.1.3
Check: data for non-ASCII characters
Result: NOTE
Note: found 124 marked UTF-8 strings
Flavors: r-devel-linux-x86_64-fedora-clang, r-devel-linux-x86_64-fedora-gcc, r-patched-solaris-x86, r-release-osx-x86_64, r-oldrel-osx-x86_64