CRAN Package Check Results for Package viridis

Last updated on 2019-01-15 00:46:51 CET.

Flavor Version Tinstall Tcheck Ttotal Status Flags
r-devel-linux-x86_64-debian-clang 0.5.1 2.42 51.22 53.64 NOTE
r-devel-linux-x86_64-debian-gcc 0.5.1 1.76 39.66 41.42 OK
r-devel-linux-x86_64-fedora-clang 0.5.1 62.86 NOTE
r-devel-linux-x86_64-fedora-gcc 0.5.1 58.65 NOTE
r-devel-windows-ix86+x86_64 0.5.1 4.00 51.00 55.00 OK --no-vignettes
r-patched-linux-x86_64 0.5.1 2.36 48.57 50.93 OK
r-patched-solaris-x86 0.5.1 97.30 NOTE
r-release-linux-x86_64 0.5.1 1.62 48.27 49.89 OK
r-release-windows-ix86+x86_64 0.5.1 12.00 50.00 62.00 OK --no-vignettes
r-release-osx-x86_64 0.5.1 NOTE
r-oldrel-windows-ix86+x86_64 0.5.1 7.00 53.00 60.00 OK --no-vignettes
r-oldrel-osx-x86_64 0.5.1 NOTE

Check Details

Version: 0.5.1
Check: package dependencies
Result: NOTE
    Package suggested but not available for checking: ‘vdiffr’
Flavor: r-devel-linux-x86_64-debian-clang

Version: 0.5.1
Check: dependencies in R code
Result: NOTE
    Namespace in Imports field not imported from: ‘stats’
     All declared Imports should be used.
Flavors: r-devel-linux-x86_64-fedora-clang, r-devel-linux-x86_64-fedora-gcc, r-patched-solaris-x86, r-release-osx-x86_64, r-oldrel-osx-x86_64