CRAN Package Check Results for Package webutils

Last updated on 2019-01-15 00:46:51 CET.

Flavor Version Tinstall Tcheck Ttotal Status Flags
r-devel-linux-x86_64-debian-clang 0.6 1.78 21.67 23.45 OK
r-devel-linux-x86_64-debian-gcc 0.6 1.33 17.51 18.84 OK
r-devel-linux-x86_64-fedora-clang 0.6 29.17 OK
r-devel-linux-x86_64-fedora-gcc 0.6 26.89 OK
r-devel-windows-ix86+x86_64 0.6 7.00 70.00 77.00 OK
r-patched-linux-x86_64 0.6 1.74 19.90 21.64 OK
r-patched-solaris-x86 0.6 44.90 OK
r-release-linux-x86_64 0.6 1.68 20.07 21.75 OK
r-release-windows-ix86+x86_64 0.6 12.00 44.00 56.00 OK
r-release-osx-x86_64 0.6 ERROR
r-oldrel-windows-ix86+x86_64 0.6 9.00 45.00 54.00 OK
r-oldrel-osx-x86_64 0.6 OK

Check Details

Version: 0.6
Check: tests
Result: ERROR
     Running ‘testthat.R’ [2s/2s]
    Running the tests in ‘tests/testthat.R’ failed.
    Last 13 lines of output:
     1: curl::curl_echo(h) at testthat/test-echo.R:14
     2: curl_fetch_memory(paste0("http://localhost:", port, "/"), handle = handle)
    
     ── 2. Error: Echo a big file (@test-echo.R#51) ────────────────────────────────
     Callback aborted
     1: curl::curl_echo(h) at testthat/test-echo.R:51
     2: curl_fetch_memory(paste0("http://localhost:", port, "/"), handle = handle)
    
     ══ testthat results ═══════════════════════════════════════════════════════════
     OK: 14 SKIPPED: 0 FAILED: 2
     1. Error: test echo from httpuv (@test-echo.R#14)
     2. Error: Echo a big file (@test-echo.R#51)
    
     Error: testthat unit tests failed
     Execution halted
Flavor: r-release-osx-x86_64