CRAN Package Check Results for Package wilson

Last updated on 2019-01-15 00:46:51 CET.

Flavor Version Tinstall Tcheck Ttotal Status Flags
r-devel-linux-x86_64-debian-clang 2.0.2 8.09 79.29 87.38 ERROR
r-devel-linux-x86_64-debian-gcc 2.0.2 5.05 62.45 67.50 OK
r-devel-linux-x86_64-fedora-clang 2.0.2 95.20 OK
r-devel-linux-x86_64-fedora-gcc 2.0.2 95.47 OK
r-devel-windows-ix86+x86_64 2.0.2 9.00 151.00 160.00 OK
r-patched-linux-x86_64 2.0.2 6.82 75.78 82.60 OK
r-patched-solaris-x86 2.0.2 138.10 OK
r-release-linux-x86_64 2.0.2 6.68 71.05 77.73 OK
r-release-windows-ix86+x86_64 2.0.2 12.00 84.00 96.00 OK
r-release-osx-x86_64 2.0.2 OK
r-oldrel-windows-ix86+x86_64 2.0.2 8.00 92.00 100.00 OK
r-oldrel-osx-x86_64 2.0.2 OK

Check Details

Version: 2.0.2
Check: package dependencies
Result: NOTE
    Package suggested but not available for checking: ‘vdiffr’
Flavor: r-devel-linux-x86_64-debian-clang

Version: 2.0.2
Check: tests
Result: ERROR
     Running ‘testthat.R’ [18s/15s]
    Running the tests in ‘tests/testthat.R’ failed.
    Complete output:
     > library(testthat)
     > library(wilson)
    
     Attaching package: 'wilson'
    
     The following object is masked from 'package:stats':
    
     heatmap
    
     >
     > test_check("wilson")
     adding: plot11365ded40b5.pdf (deflated 8%)
     adding: plot113614710c6d.png (deflated 29%)
     adding: plot_object11367811d705.RData (deflated 0%)
     adding: plot113654a5f35d.pdf (deflated 7%)
     adding: plot113636d41cbb.png (deflated 9%)
     adding: plot_object1136429325f2.RData (deflated 1%)
     ── 1. Error: scatterplot can be created (@test-static-plots.R#7) ──────────────
     there is no package called 'vdiffr'
     1: vdiffr::expect_doppelganger at testthat/test-static-plots.R:7
     2: getExportedValue(pkg, name)
     3: asNamespace(ns)
     4: getNamespace(ns)
     5: loadNamespace(name)
     6: withRestarts(stop(cond), retry_loadNamespace = function() NULL)
     7: withOneRestart(expr, restarts[[1L]])
     8: doWithOneRestart(return(expr), restart)
    
     ── 2. Error: pca can be created (@test-static-plots.R#15) ─────────────────────
     there is no package called 'vdiffr'
     1: vdiffr::expect_doppelganger at testthat/test-static-plots.R:15
     2: getExportedValue(pkg, name)
     3: asNamespace(ns)
     4: getNamespace(ns)
     5: loadNamespace(name)
     6: withRestarts(stop(cond), retry_loadNamespace = function() NULL)
     7: withOneRestart(expr, restarts[[1L]])
     8: doWithOneRestart(return(expr), restart)
    
     ── 3. Error: heatmap can be created (@test-static-plots.R#22) ─────────────────
     there is no package called 'vdiffr'
     1: vdiffr::expect_doppelganger at testthat/test-static-plots.R:22
     2: getExportedValue(pkg, name)
     3: asNamespace(ns)
     4: getNamespace(ns)
     5: loadNamespace(name)
     6: withRestarts(stop(cond), retry_loadNamespace = function() NULL)
     7: withOneRestart(expr, restarts[[1L]])
     8: doWithOneRestart(return(expr), restart)
    
     ── 4. Error: geneview can be created (@test-static-plots.R#30) ────────────────
     there is no package called 'vdiffr'
     1: vdiffr::expect_doppelganger at testthat/test-static-plots.R:30
     2: getExportedValue(pkg, name)
     3: asNamespace(ns)
     4: getNamespace(ns)
     5: loadNamespace(name)
     6: withRestarts(stop(cond), retry_loadNamespace = function() NULL)
     7: withOneRestart(expr, restarts[[1L]])
     8: doWithOneRestart(return(expr), restart)
    
     ══ testthat results ═══════════════════════════════════════════════════════════
     OK: 61 SKIPPED: 1 FAILED: 4
     1. Error: scatterplot can be created (@test-static-plots.R#7)
     2. Error: pca can be created (@test-static-plots.R#15)
     3. Error: heatmap can be created (@test-static-plots.R#22)
     4. Error: geneview can be created (@test-static-plots.R#30)
    
     Error: testthat unit tests failed
     Execution halted
Flavor: r-devel-linux-x86_64-debian-clang