CRAN Package Check Results for Package ACDm

Last updated on 2019-01-19 00:46:15 CET.

Flavor Version Tinstall Tcheck Ttotal Status Flags
r-devel-linux-x86_64-debian-clang 1.0.4 14.10 65.08 79.18 OK
r-devel-linux-x86_64-debian-gcc 1.0.4 10.38 49.36 59.74 OK
r-devel-linux-x86_64-fedora-clang 1.0.4 112.95 NOTE
r-devel-linux-x86_64-fedora-gcc 1.0.4 119.28 NOTE
r-devel-windows-ix86+x86_64 1.0.4 36.00 185.00 221.00 OK
r-patched-linux-x86_64 1.0.4 12.41 62.58 74.99 NOTE
r-patched-solaris-x86 1.0.4 150.40 OK
r-release-linux-x86_64 1.0.4 10.01 62.65 72.66 OK
r-release-windows-ix86+x86_64 1.0.4 34.00 162.00 196.00 OK
r-release-osx-x86_64 1.0.4 OK
r-oldrel-windows-ix86+x86_64 1.0.4 33.00 186.00 219.00 OK
r-oldrel-osx-x86_64 1.0.4 OK

Check Details

Version: 1.0.4
Check: compiled code
Result: NOTE
    File ‘ACDm/libs/ACDm.so’:
     Found no calls to: ‘R_registerRoutines’, ‘R_useDynamicSymbols’
    
    It is good practice to register native routines and to disable symbol
    search.
    
    See ‘Writing portable packages’ in the ‘Writing R Extensions’ manual.
Flavors: r-devel-linux-x86_64-fedora-clang, r-devel-linux-x86_64-fedora-gcc

Version: 1.0.4
Check: dependencies in R code
Result: NOTE
    No protocol specified
Flavor: r-patched-linux-x86_64