CRAN Package Check Results for Package ALSCPC

Last updated on 2019-01-19 00:46:15 CET.

Flavor Version Tinstall Tcheck Ttotal Status Flags
r-devel-linux-x86_64-debian-clang 1.0 0.79 17.62 18.41 NOTE
r-devel-linux-x86_64-debian-gcc 1.0 0.75 14.01 14.76 NOTE
r-devel-linux-x86_64-fedora-clang 1.0 22.16 NOTE
r-devel-linux-x86_64-fedora-gcc 1.0 23.12 NOTE
r-devel-windows-ix86+x86_64 1.0 3.00 26.00 29.00 NOTE
r-patched-linux-x86_64 1.0 0.97 16.31 17.28 NOTE
r-patched-solaris-x86 1.0 32.90 NOTE
r-release-linux-x86_64 1.0 0.79 10.87 11.66 NOTE
r-release-windows-ix86+x86_64 1.0 3.00 28.00 31.00 NOTE
r-release-osx-x86_64 1.0 NOTE
r-oldrel-windows-ix86+x86_64 1.0 2.00 24.00 26.00 NOTE
r-oldrel-osx-x86_64 1.0 NOTE

Check Details

Version: 1.0
Check: DESCRIPTION meta-information
Result: NOTE
    Malformed Title field: should not end in a period.
Flavors: r-devel-linux-x86_64-debian-clang, r-devel-linux-x86_64-debian-gcc, r-devel-linux-x86_64-fedora-clang, r-devel-linux-x86_64-fedora-gcc, r-devel-windows-ix86+x86_64, r-patched-linux-x86_64, r-patched-solaris-x86, r-release-linux-x86_64, r-release-windows-ix86+x86_64, r-release-osx-x86_64, r-oldrel-windows-ix86+x86_64, r-oldrel-osx-x86_64