Last updated on 2019-01-19 00:46:16 CET.
Flavor | Version | Tinstall | Tcheck | Ttotal | Status | Flags |
---|---|---|---|---|---|---|
r-devel-linux-x86_64-debian-clang | 0.24 | 8.63 | 49.71 | 58.34 | NOTE | |
r-devel-linux-x86_64-debian-gcc | 0.24 | 7.84 | 39.04 | 46.88 | NOTE | |
r-devel-linux-x86_64-fedora-clang | 0.24 | 69.42 | NOTE | |||
r-devel-linux-x86_64-fedora-gcc | 0.24 | 77.15 | NOTE | |||
r-devel-windows-ix86+x86_64 | 0.24 | 19.00 | 60.00 | 79.00 | NOTE | |
r-patched-linux-x86_64 | 0.24 | 9.57 | 45.89 | 55.46 | NOTE | |
r-patched-solaris-x86 | 0.24 | 113.70 | NOTE | |||
r-release-linux-x86_64 | 0.24 | 7.62 | 45.59 | 53.21 | NOTE | |
r-release-windows-ix86+x86_64 | 0.24 | 19.00 | 77.00 | 96.00 | NOTE | |
r-release-osx-x86_64 | 0.24 | ERROR | ||||
r-oldrel-windows-ix86+x86_64 | 0.24 | 12.00 | 61.00 | 73.00 | NOTE | |
r-oldrel-osx-x86_64 | 0.24 | ERROR |
Version: 0.24
Check: DESCRIPTION meta-information
Result: NOTE
Malformed Title field: should not end in a period.
Flavors: r-devel-linux-x86_64-debian-clang, r-devel-linux-x86_64-debian-gcc, r-devel-linux-x86_64-fedora-clang, r-devel-linux-x86_64-fedora-gcc, r-devel-windows-ix86+x86_64, r-patched-linux-x86_64, r-patched-solaris-x86, r-release-linux-x86_64, r-release-windows-ix86+x86_64, r-oldrel-windows-ix86+x86_64
Version: 0.24
Check: dependencies in R code
Result: NOTE
Packages in Depends field not imported from:
‘cairoDevice’ ‘gWidgetsRGtk2’ ‘partitions’ ‘proto’
These packages need to be imported from (in the NAMESPACE file)
for when this namespace is loaded but not attached.
Flavors: r-devel-linux-x86_64-debian-clang, r-devel-linux-x86_64-debian-gcc, r-devel-linux-x86_64-fedora-clang, r-devel-linux-x86_64-fedora-gcc, r-devel-windows-ix86+x86_64, r-patched-linux-x86_64, r-patched-solaris-x86, r-release-linux-x86_64, r-release-windows-ix86+x86_64, r-oldrel-windows-ix86+x86_64
Version: 0.24
Check: package dependencies
Result: ERROR
Packages required but not available: ‘cairoDevice’ ‘gWidgetsRGtk2’
See section ‘The DESCRIPTION file’ in the ‘Writing R Extensions’
manual.
Flavors: r-release-osx-x86_64, r-oldrel-osx-x86_64