Last updated on 2019-01-19 00:46:16 CET.
Flavor | Version | Tinstall | Tcheck | Ttotal | Status | Flags |
---|---|---|---|---|---|---|
r-devel-linux-x86_64-debian-clang | 2.1.6 | 8.46 | 140.89 | 149.35 | OK | |
r-devel-linux-x86_64-debian-gcc | 2.1.6 | 7.47 | 104.84 | 112.31 | OK | |
r-devel-linux-x86_64-fedora-clang | 2.1.6 | 177.02 | NOTE | |||
r-devel-linux-x86_64-fedora-gcc | 2.1.6 | 171.37 | NOTE | |||
r-devel-windows-ix86+x86_64 | 2.1.6 | 22.00 | 223.00 | 245.00 | OK | |
r-patched-linux-x86_64 | 2.1.6 | 7.75 | 134.98 | 142.73 | OK | |
r-patched-solaris-x86 | 2.1.6 | 229.40 | OK | |||
r-release-linux-x86_64 | 2.1.6 | 9.64 | 133.14 | 142.78 | OK | |
r-release-windows-ix86+x86_64 | 2.1.6 | 21.00 | 309.00 | 330.00 | OK | |
r-release-osx-x86_64 | 2.1.6 | OK | ||||
r-oldrel-windows-ix86+x86_64 | 2.1.6 | 15.00 | 219.00 | 234.00 | OK | |
r-oldrel-osx-x86_64 | 2.1.6 | OK |
Version: 2.1.6
Check: compiled code
Result: NOTE
File ‘BAMMtools/libs/BAMMtools.so’:
Found no calls to: ‘R_registerRoutines’, ‘R_useDynamicSymbols’
It is good practice to register native routines and to disable symbol
search.
See ‘Writing portable packages’ in the ‘Writing R Extensions’ manual.
Flavors: r-devel-linux-x86_64-fedora-clang, r-devel-linux-x86_64-fedora-gcc