Last updated on 2019-01-19 00:46:17 CET.
Flavor | Version | Tinstall | Tcheck | Ttotal | Status | Flags |
---|---|---|---|---|---|---|
r-devel-linux-x86_64-debian-clang | 0.1.2 | 35.14 | 139.77 | 174.91 | WARN | |
r-devel-linux-x86_64-debian-gcc | 0.1.2 | 27.47 | 104.81 | 132.28 | OK | |
r-devel-linux-x86_64-fedora-clang | 0.1.2 | 217.05 | WARN | |||
r-devel-linux-x86_64-fedora-gcc | 0.1.2 | 210.29 | OK | |||
r-devel-windows-ix86+x86_64 | 0.1.2 | 78.00 | 244.00 | 322.00 | OK | |
r-patched-linux-x86_64 | 0.1.2 | 37.18 | 129.41 | 166.59 | OK | |
r-patched-solaris-x86 | 0.1.2 | 271.80 | OK | |||
r-release-linux-x86_64 | 0.1.2 | 35.11 | 129.71 | 164.82 | OK | |
r-release-windows-ix86+x86_64 | 0.1.2 | 84.00 | 230.00 | 314.00 | OK | |
r-release-osx-x86_64 | 0.1.2 | OK | ||||
r-oldrel-windows-ix86+x86_64 | 0.1.2 | 84.00 | 188.00 | 272.00 | OK | |
r-oldrel-osx-x86_64 | 0.1.2 | OK |
Version: 0.1.2
Check: whether package can be installed
Result: WARN
Found the following significant warnings:
sparseFactor.cpp:33:10: warning: explicitly assigning value of variable of type 'Rcpp::IntegerVector' (aka 'Vector<13>') to itself [-Wself-assign-overloaded]
Flavors: r-devel-linux-x86_64-debian-clang, r-devel-linux-x86_64-fedora-clang