Last updated on 2019-01-19 00:46:17 CET.
Flavor | Version | Tinstall | Tcheck | Ttotal | Status | Flags |
---|---|---|---|---|---|---|
r-devel-linux-x86_64-debian-clang | 1.2.1 | 5.02 | 58.81 | 63.83 | OK | |
r-devel-linux-x86_64-debian-gcc | 1.2.1 | 3.70 | 43.51 | 47.21 | OK | |
r-devel-linux-x86_64-fedora-clang | 1.2.1 | 73.56 | NOTE | |||
r-devel-linux-x86_64-fedora-gcc | 1.2.1 | 72.38 | NOTE | |||
r-devel-windows-ix86+x86_64 | 1.2.1 | 14.00 | 65.00 | 79.00 | OK | |
r-patched-linux-x86_64 | 1.2.1 | 5.28 | 53.38 | 58.66 | OK | |
r-patched-solaris-x86 | 1.2.1 | 99.20 | NOTE | |||
r-release-linux-x86_64 | 1.2.1 | 4.47 | 53.34 | 57.81 | OK | |
r-release-windows-ix86+x86_64 | 1.2.1 | 15.00 | 106.00 | 121.00 | OK | |
r-release-osx-x86_64 | 1.2.1 | NOTE | ||||
r-oldrel-windows-ix86+x86_64 | 1.2.1 | 17.00 | 103.00 | 120.00 | OK | |
r-oldrel-osx-x86_64 | 1.2.1 | NOTE |
Version: 1.2.1
Check: dependencies in R code
Result: NOTE
Namespace in Imports field not imported from: ‘readxl’
All declared Imports should be used.
Flavors: r-devel-linux-x86_64-fedora-clang, r-devel-linux-x86_64-fedora-gcc, r-patched-solaris-x86, r-release-osx-x86_64, r-oldrel-osx-x86_64