CRAN Package Check Results for Package BIFIEsurvey

Last updated on 2019-01-19 00:46:17 CET.

Flavor Version Tinstall Tcheck Ttotal Status Flags
r-devel-linux-x86_64-debian-clang 3.0-14 57.54 118.73 176.27 OK
r-devel-linux-x86_64-debian-gcc 3.0-14 52.03 91.33 143.36 OK
r-devel-linux-x86_64-fedora-clang 3.0-14 271.20 NOTE
r-devel-linux-x86_64-fedora-gcc 3.0-14 264.51 OK
r-devel-windows-ix86+x86_64 3.0-14 213.00 242.00 455.00 OK
r-patched-linux-x86_64 3.0-14 60.86 111.29 172.15 OK
r-patched-solaris-x86 3.0-14 293.90 OK
r-release-linux-x86_64 3.0-14 62.46 110.92 173.38 OK
r-release-windows-ix86+x86_64 3.0-14 211.00 229.00 440.00 OK
r-release-osx-x86_64 3.0-14 NOTE
r-oldrel-windows-ix86+x86_64 3.0-14 222.00 249.00 471.00 OK
r-oldrel-osx-x86_64 3.0-14 NOTE

Check Details

Version: 3.0-14
Check: installed package size
Result: NOTE
     installed size is 8.3Mb
     sub-directories of 1Mb or more:
     data 1.4Mb
     libs 6.4Mb
Flavors: r-devel-linux-x86_64-fedora-clang, r-release-osx-x86_64, r-oldrel-osx-x86_64