CRAN Package Check Results for Package BNPMIXcluster

Last updated on 2019-01-19 00:46:18 CET.

Flavor Version Tinstall Tcheck Ttotal Status Flags
r-devel-linux-x86_64-debian-clang 1.2.4 86.57 32.80 119.37 NOTE
r-devel-linux-x86_64-debian-gcc 1.2.4 69.75 25.97 95.72 NOTE
r-devel-linux-x86_64-fedora-clang 1.2.4 174.05 NOTE
r-devel-linux-x86_64-fedora-gcc 1.2.4 163.72 NOTE
r-devel-windows-ix86+x86_64 1.2.4 201.00 66.00 267.00 OK
r-patched-linux-x86_64 1.2.4 91.82 30.23 122.05 OK
r-patched-solaris-x86 1.2.4 148.00 OK
r-release-linux-x86_64 1.2.4 94.87 30.17 125.04 OK
r-release-windows-ix86+x86_64 1.2.4 213.00 80.00 293.00 OK
r-release-osx-x86_64 1.2.4 OK
r-oldrel-windows-ix86+x86_64 1.2.4 198.00 63.00 261.00 OK
r-oldrel-osx-x86_64 1.2.4 OK

Check Details

Version: 1.2.4
Check: use of SHLIB_OPENMP_*FLAGS in Makefiles
Result: NOTE
     src/Makevars: SHLIB_OPENMP_CXXFLAGS is included in PKG_CXXFLAGS but not in PKG_LIBS
     src/Makevars: SHLIB_OPENMP_CFLAGS is included in PKG_LIBS but linking is by C++
     src/Makevars.win: SHLIB_OPENMP_CXXFLAGS is included in PKG_CXXFLAGS but not in PKG_LIBS
     src/Makevars.win: SHLIB_OPENMP_CFLAGS is included in PKG_LIBS but linking is by C++
    Use of these macros is discussed in sect 1.2.1.1 of ‘Writing R
    Extensions’. The macros for different languages may differ so the
    matching macro must be used in PKG_CXXFLAGS (etc) and match that used
    in PKG_LIBS (except for Fortran: see the manual).
Flavors: r-devel-linux-x86_64-debian-clang, r-devel-linux-x86_64-debian-gcc, r-devel-linux-x86_64-fedora-clang, r-devel-linux-x86_64-fedora-gcc