CRAN Package Check Results for Package BayesCTDesign

Last updated on 2019-01-19 00:46:17 CET.

Flavor Version Tinstall Tcheck Ttotal Status Flags
r-devel-linux-x86_64-debian-clang 0.5.0 12.02 78.59 90.61 OK
r-devel-linux-x86_64-debian-gcc 0.5.0 9.71 58.74 68.45 OK
r-devel-linux-x86_64-fedora-clang 0.5.0 105.57 OK
r-devel-linux-x86_64-fedora-gcc 0.5.0 96.63 OK
r-devel-windows-ix86+x86_64 0.5.0 22.00 102.00 124.00 OK
r-patched-linux-x86_64 0.5.0 12.70 72.86 85.56 OK
r-patched-solaris-x86 0.5.0 132.60 OK
r-release-linux-x86_64 0.5.0 7.56 72.29 79.85 OK
r-release-windows-ix86+x86_64 0.5.0 18.00 99.00 117.00 OK
r-release-osx-x86_64 0.5.0 OK
r-oldrel-osx-x86_64 0.5.0 ERROR

Check Details

Version: 0.5.0
Check: package dependencies
Result: ERROR
    Package required and available but unsuitable version: ‘stats’
    
    See section ‘The DESCRIPTION file’ in the ‘Writing R Extensions’
    manual.
Flavor: r-oldrel-osx-x86_64