CRAN Package Check Results for Package BoSSA

Last updated on 2019-01-19 00:46:18 CET.

Flavor Version Tinstall Tcheck Ttotal Status Flags
r-devel-linux-x86_64-debian-clang 3.6 6.18 131.50 137.68 OK
r-devel-linux-x86_64-debian-gcc 3.6 5.91 100.15 106.06 OK
r-devel-linux-x86_64-fedora-clang 3.6 161.13 OK
r-devel-linux-x86_64-fedora-gcc 3.6 152.20 OK
r-devel-windows-ix86+x86_64 3.6 15.00 168.00 183.00 OK
r-patched-linux-x86_64 3.6 6.20 77.09 83.29 WARN
r-patched-solaris-x86 3.6 212.60 OK
r-release-linux-x86_64 3.6 6.46 76.47 82.93 WARN
r-release-windows-ix86+x86_64 3.6 16.00 207.00 223.00 OK
r-release-osx-x86_64 3.6 OK
r-oldrel-windows-ix86+x86_64 3.6 15.00 179.00 194.00 OK
r-oldrel-osx-x86_64 3.6 OK

Check Details

Version: 3.6
Check: re-building of vignette outputs
Result: WARN
    Error in re-building vignettes:
     ...
    Quitting from lines 69-72 (bossa-refpkg.Rmd)
    Error: processing vignette ‘bossa-refpkg.Rmd’ failed with diagnostics:
    Error in the HTTP2 framing layer
    Execution halted
Flavors: r-patched-linux-x86_64, r-release-linux-x86_64