Last updated on 2019-01-19 00:46:20 CET.
Flavor | Version | Tinstall | Tcheck | Ttotal | Status | Flags |
---|---|---|---|---|---|---|
r-devel-linux-x86_64-debian-clang | 0.1.0 | 28.48 | 72.47 | 100.95 | OK | |
r-devel-linux-x86_64-debian-gcc | 0.1.0 | 26.48 | 53.87 | 80.35 | OK | |
r-devel-linux-x86_64-fedora-clang | 0.1.0 | 132.63 | NOTE | |||
r-devel-linux-x86_64-fedora-gcc | 0.1.0 | 125.94 | NOTE | |||
r-devel-windows-ix86+x86_64 | 0.1.0 | 71.00 | 175.00 | 246.00 | OK | |
r-patched-linux-x86_64 | 0.1.0 | 36.10 | 67.05 | 103.15 | OK | |
r-patched-solaris-x86 | 0.1.0 | 171.70 | NOTE | |||
r-release-linux-x86_64 | 0.1.0 | 32.92 | 66.30 | 99.22 | OK | |
r-release-windows-ix86+x86_64 | 0.1.0 | 66.00 | 170.00 | 236.00 | OK | |
r-release-osx-x86_64 | 0.1.0 | NOTE | ||||
r-oldrel-windows-ix86+x86_64 | 0.1.0 | 69.00 | 207.00 | 276.00 | OK |
Version: 0.1.0
Check: dependencies in R code
Result: NOTE
Namespaces in Imports field not imported from:
‘Rdpack’ ‘grDevices’
All declared Imports should be used.
Flavors: r-devel-linux-x86_64-fedora-clang, r-devel-linux-x86_64-fedora-gcc, r-patched-solaris-x86, r-release-osx-x86_64