Last updated on 2019-01-19 00:46:19 CET.
Flavor | Version | Tinstall | Tcheck | Ttotal | Status | Flags |
---|---|---|---|---|---|---|
r-devel-linux-x86_64-debian-clang | 1.2.1 | 2.91 | 43.67 | 46.58 | OK | |
r-devel-linux-x86_64-debian-gcc | 1.2.1 | 1.72 | 33.99 | 35.71 | OK | |
r-devel-linux-x86_64-fedora-clang | 1.2.1 | 56.93 | NOTE | |||
r-devel-linux-x86_64-fedora-gcc | 1.2.1 | 51.69 | NOTE | |||
r-devel-windows-ix86+x86_64 | 1.2.1 | 11.00 | 90.00 | 101.00 | OK | |
r-patched-linux-x86_64 | 1.2.1 | 2.42 | 39.39 | 41.81 | OK | |
r-patched-solaris-x86 | 1.2.1 | 76.80 | NOTE | |||
r-release-linux-x86_64 | 1.2.1 | 2.85 | 39.05 | 41.90 | OK | |
r-release-windows-ix86+x86_64 | 1.2.1 | 14.00 | 80.00 | 94.00 | OK | |
r-release-osx-x86_64 | 1.2.1 | NOTE | ||||
r-oldrel-windows-ix86+x86_64 | 1.2.1 | 16.00 | 88.00 | 104.00 | OK | |
r-oldrel-osx-x86_64 | 1.2.1 | NOTE |
Version: 1.2.1
Check: dependencies in R code
Result: NOTE
Namespace in Imports field not imported from: ‘tibble’
All declared Imports should be used.
Flavors: r-devel-linux-x86_64-fedora-clang, r-devel-linux-x86_64-fedora-gcc, r-patched-solaris-x86, r-release-osx-x86_64, r-oldrel-osx-x86_64