Last updated on 2019-01-19 00:46:21 CET.
Flavor | Version | Tinstall | Tcheck | Ttotal | Status | Flags |
---|---|---|---|---|---|---|
r-devel-linux-x86_64-debian-clang | 0.9.2 | 1.18 | 41.24 | 42.42 | OK | |
r-devel-linux-x86_64-debian-gcc | 0.9.2 | 1.17 | 31.51 | 32.68 | OK | |
r-devel-linux-x86_64-fedora-clang | 0.9.2 | 51.03 | OK | |||
r-devel-linux-x86_64-fedora-gcc | 0.9.2 | 47.39 | OK | |||
r-devel-windows-ix86+x86_64 | 0.9.2 | 4.00 | 65.00 | 69.00 | OK | |
r-patched-linux-x86_64 | 0.9.2 | 1.21 | 38.76 | 39.97 | OK | |
r-patched-solaris-x86 | 0.9.2 | 80.90 | OK | |||
r-release-linux-x86_64 | 0.9.2 | 1.35 | 38.30 | 39.65 | OK | |
r-release-windows-ix86+x86_64 | 0.9.2 | 4.00 | 66.00 | 70.00 | OK | |
r-release-osx-x86_64 | 0.9.2 | OK | ||||
r-oldrel-windows-ix86+x86_64 | 0.9.2 | 4.00 | 49.00 | 53.00 | OK | |
r-oldrel-osx-x86_64 | 0.9.2 | NOTE |
Version: 0.9.2
Check: package dependencies
Result: NOTE
Package suggested but not available for checking: ‘devtools’
Flavor: r-oldrel-osx-x86_64