Last updated on 2019-01-19 00:46:22 CET.
Flavor | Version | Tinstall | Tcheck | Ttotal | Status | Flags |
---|---|---|---|---|---|---|
r-devel-linux-x86_64-debian-clang | 0.5.0.2 | 13.29 | 72.74 | 86.03 | OK | |
r-devel-linux-x86_64-debian-gcc | 0.5.0.2 | 10.66 | 59.98 | 70.64 | OK | |
r-devel-linux-x86_64-fedora-clang | 0.5.0.2 | 103.59 | OK | |||
r-devel-linux-x86_64-fedora-gcc | 0.5.0.2 | 102.50 | OK | |||
r-devel-windows-ix86+x86_64 | 0.5.0.2 | 41.00 | 128.00 | 169.00 | OK | |
r-patched-linux-x86_64 | 0.5.0.2 | 13.18 | 68.11 | 81.29 | OK | |
r-patched-solaris-x86 | 0.5.0.2 | 3.90 | ERROR | |||
r-release-linux-x86_64 | 0.5.0.2 | 12.37 | 68.59 | 80.96 | OK | |
r-release-windows-ix86+x86_64 | 0.5.0.2 | 37.00 | 127.00 | 164.00 | OK | |
r-release-osx-x86_64 | 0.5.0.2 | OK | ||||
r-oldrel-windows-ix86+x86_64 | 0.5.0.2 | 34.00 | 102.00 | 136.00 | OK | |
r-oldrel-osx-x86_64 | 0.5.0.2 | OK |
Version: 0.5.0.2
Check: whether package can be installed
Result: ERROR
Installation failed.
Flavor: r-patched-solaris-x86