CRAN Package Check Results for Package DSAIRM

Last updated on 2019-01-19 00:46:23 CET.

Flavor Version Tinstall Tcheck Ttotal Status Flags
r-devel-linux-x86_64-debian-clang 0.5.0 4.58 71.99 76.57 OK
r-devel-linux-x86_64-debian-gcc 0.5.0 4.14 53.52 57.66 OK
r-devel-linux-x86_64-fedora-clang 0.5.0 92.04 OK
r-devel-linux-x86_64-fedora-gcc 0.5.0 80.51 OK
r-devel-windows-ix86+x86_64 0.5.0 17.00 115.00 132.00 OK
r-patched-linux-x86_64 0.4.0 5.08 118.97 124.05 OK
r-patched-solaris-x86 0.5.0 118.80 NOTE
r-release-linux-x86_64 0.5.0 4.72 68.14 72.86 OK
r-release-windows-ix86+x86_64 0.5.0 10.00 87.00 97.00 OK
r-release-osx-x86_64 0.5.0 OK
r-oldrel-windows-ix86+x86_64 0.4.0 13.00 192.00 205.00 OK
r-oldrel-osx-x86_64 0.4.0 NOTE

Check Details

Version: 0.5.0
Check: installed package size
Result: NOTE
     installed size is 5.1Mb
     sub-directories of 1Mb or more:
     appinformation 2.4Mb
     media 1.6Mb
Flavor: r-patched-solaris-x86

Version: 0.4.0
Check: dependencies in R code
Result: NOTE
    Namespaces in Imports field not imported from:
     ‘knitr’ ‘rmarkdown’
     All declared Imports should be used.
Flavor: r-oldrel-osx-x86_64