CRAN Package Check Results for Package DendSer

Last updated on 2019-01-19 00:46:22 CET.

Flavor Version Tinstall Tcheck Ttotal Status Flags
r-devel-linux-x86_64-debian-clang 1.0.1 6.06 71.15 77.21 NOTE
r-devel-linux-x86_64-debian-gcc 1.0.1 5.49 54.46 59.95 NOTE
r-devel-linux-x86_64-fedora-clang 1.0.1 91.54 NOTE
r-devel-linux-x86_64-fedora-gcc 1.0.1 85.32 NOTE
r-devel-windows-ix86+x86_64 1.0.1 26.00 143.00 169.00 NOTE
r-patched-linux-x86_64 1.0.1 6.22 65.90 72.12 NOTE
r-patched-solaris-x86 1.0.1 126.10 NOTE
r-release-linux-x86_64 1.0.1 6.06 65.17 71.23 NOTE
r-release-windows-ix86+x86_64 1.0.1 26.00 150.00 176.00 NOTE
r-release-osx-x86_64 1.0.1 NOTE
r-oldrel-windows-ix86+x86_64 1.0.1 27.00 105.00 132.00 WARN
r-oldrel-osx-x86_64 1.0.1 NOTE

Check Details

Version: 1.0.1
Check: DESCRIPTION meta-information
Result: NOTE
    Malformed Description field: should contain one or more complete sentences.
Flavors: r-devel-linux-x86_64-debian-clang, r-devel-linux-x86_64-debian-gcc, r-devel-linux-x86_64-fedora-clang, r-devel-linux-x86_64-fedora-gcc, r-devel-windows-ix86+x86_64, r-patched-linux-x86_64, r-patched-solaris-x86, r-release-linux-x86_64, r-release-windows-ix86+x86_64, r-release-osx-x86_64, r-oldrel-windows-ix86+x86_64, r-oldrel-osx-x86_64

Version: 1.0.1
Check: R code for possible problems
Result: NOTE
    DendSer: no visible global function definition for ‘getFromNamespace’
    crit2cost : <anonymous>: no visible global function definition for
     ‘as.dist’
    dser.dist: no visible global function definition for ‘hclust’
    dser.matrix: no visible global function definition for ‘dist’
    plotAsColor: no visible global function definition for ‘image’
    plotAsColor: no visible global function definition for ‘box’
    plotAsColor: no visible global function definition for ‘axis’
    seriation_method_dist_dser: no visible global function definition for
     ‘hclust’
    seriation_method_dist_dser: no visible global function definition for
     ‘modifyList’
    seriation_method_leafsort: no visible global function definition for
     ‘modifyList’
    Undefined global functions or variables:
     as.dist axis box dist getFromNamespace hclust image modifyList
    Consider adding
     importFrom("graphics", "axis", "box", "image")
     importFrom("stats", "as.dist", "dist", "hclust")
     importFrom("utils", "getFromNamespace", "modifyList")
    to your NAMESPACE file.
Flavors: r-devel-linux-x86_64-debian-clang, r-devel-linux-x86_64-debian-gcc, r-devel-linux-x86_64-fedora-clang, r-devel-linux-x86_64-fedora-gcc, r-devel-windows-ix86+x86_64, r-patched-linux-x86_64, r-patched-solaris-x86, r-release-linux-x86_64, r-release-windows-ix86+x86_64, r-release-osx-x86_64, r-oldrel-windows-ix86+x86_64, r-oldrel-osx-x86_64

Version: 1.0.1
Check: compiled code
Result: NOTE
    File ‘DendSer/libs/DendSer.so’:
     Found no calls to: ‘R_registerRoutines’, ‘R_useDynamicSymbols’
    
    It is good practice to register native routines and to disable symbol
    search.
    
    See ‘Writing portable packages’ in the ‘Writing R Extensions’ manual.
Flavors: r-devel-linux-x86_64-fedora-clang, r-devel-linux-x86_64-fedora-gcc

Version: 1.0.1
Check: whether package can be installed
Result: WARN
    Found the following significant warnings:
     Warning: S3 methods '[.fun_list', '[.grouped_df', 'all.equal.tbl_df', 'anti_join.data.frame', 'anti_join.tbl_df', 'arrange.data.frame', 'arrange.default', 'arrange.grouped_df', 'arrange.tbl_df', 'arrange_.data.frame', 'arrange_.tbl_df', 'as.data.frame.grouped_df', 'as.data.frame.rowwise_df', 'as.data.frame.tbl_cube', 'as.table.tbl_cube', 'as.tbl.data.frame', 'as.tbl.tbl', 'as.tbl_cube.array', 'as.tbl_cube.data.frame', 'as.tbl_cube.matrix', 'as.tbl_cube.table', 'as_tibble.grouped_df', 'as_tibble.tbl_cube', 'auto_copy.tbl_cube', 'auto_copy.tbl_df', 'cbind.grouped_df', 'collapse.data.frame', 'collect.data.frame', 'common_by.NULL', 'common_by.character', 'common_by.default', 'common_by.list', 'compute.data.frame', 'copy_to.DBIConnection', 'copy_to.src_local', 'default_missing.data.frame', 'default_missing.default', 'dim.tbl_cube', 'distinct.data.frame', 'distinct.default', 'distinct.grouped_df', 'distinct.tbl_df', 'distinct_.data.frame', 'distinct_.grouped_df', 'distinct_.tbl_df', 'do.NULL', 'do.da [... truncated]
Flavor: r-oldrel-windows-ix86+x86_64