Last updated on 2019-01-19 00:46:23 CET.
Flavor | Version | Tinstall | Tcheck | Ttotal | Status | Flags |
---|---|---|---|---|---|---|
r-devel-linux-x86_64-debian-clang | 0.3.0 | 29.88 | 47.30 | 77.18 | OK | |
r-devel-linux-x86_64-debian-gcc | 0.3.0 | 26.84 | 36.15 | 62.99 | OK | |
r-devel-linux-x86_64-fedora-clang | 0.3.0 | 100.96 | NOTE | |||
r-devel-linux-x86_64-fedora-gcc | 0.3.0 | 96.15 | NOTE | |||
r-devel-windows-ix86+x86_64 | 0.3.0 | 76.00 | 115.00 | 191.00 | OK | |
r-patched-linux-x86_64 | 0.3.0 | 33.25 | 43.64 | 76.89 | OK | |
r-patched-solaris-x86 | 0.3.0 | 110.50 | NOTE | |||
r-release-linux-x86_64 | 0.3.0 | 32.61 | 43.65 | 76.26 | OK | |
r-release-windows-ix86+x86_64 | 0.3.0 | 73.00 | 111.00 | 184.00 | OK | |
r-release-osx-x86_64 | 0.3.0 | NOTE | ||||
r-oldrel-windows-ix86+x86_64 | 0.3.0 | 72.00 | 119.00 | 191.00 | OK | |
r-oldrel-osx-x86_64 | 0.3.0 | NOTE |
Version: 0.3.0
Check: dependencies in R code
Result: NOTE
Namespace in Imports field not imported from: ‘Rcpp’
All declared Imports should be used.
Flavors: r-devel-linux-x86_64-fedora-clang, r-devel-linux-x86_64-fedora-gcc, r-patched-solaris-x86, r-release-osx-x86_64, r-oldrel-osx-x86_64