CRAN Package Check Results for Package FFTrees

Last updated on 2019-01-19 00:46:25 CET.

Flavor Version Tinstall Tcheck Ttotal Status Flags
r-devel-linux-x86_64-debian-clang 1.4.0 15.14 246.92 262.06 OK
r-devel-linux-x86_64-debian-gcc 1.4.0 11.37 188.87 200.24 OK
r-devel-linux-x86_64-fedora-clang 1.4.0 307.19 NOTE
r-devel-linux-x86_64-fedora-gcc 1.4.0 294.94 NOTE
r-devel-windows-ix86+x86_64 1.4.0 40.00 330.00 370.00 NOTE
r-patched-linux-x86_64 1.4.0 15.23 196.12 211.35 OK
r-patched-solaris-x86 1.4.0 359.10 NOTE
r-release-linux-x86_64 1.4.0 14.27 200.34 214.61 OK
r-release-windows-ix86+x86_64 1.4.0 36.00 293.00 329.00 NOTE
r-release-osx-x86_64 1.4.0 NOTE
r-oldrel-windows-ix86+x86_64 1.4.0 34.00 225.00 259.00 NOTE
r-oldrel-osx-x86_64 1.4.0 NOTE

Check Details

Version: 1.4.0
Check: installed package size
Result: NOTE
     installed size is 5.9Mb
     sub-directories of 1Mb or more:
     doc 4.6Mb
Flavors: r-devel-linux-x86_64-fedora-clang, r-devel-windows-ix86+x86_64, r-patched-solaris-x86, r-release-windows-ix86+x86_64, r-release-osx-x86_64, r-oldrel-windows-ix86+x86_64, r-oldrel-osx-x86_64

Version: 1.4.0
Check: dependencies in R code
Result: NOTE
    Namespace in Imports field not imported from: ‘pROC’
     All declared Imports should be used.
Flavors: r-devel-linux-x86_64-fedora-clang, r-devel-linux-x86_64-fedora-gcc, r-patched-solaris-x86, r-release-osx-x86_64, r-oldrel-osx-x86_64