CRAN Package Check Results for Package FastHCS

Last updated on 2019-01-19 00:46:24 CET.

Flavor Version Tinstall Tcheck Ttotal Status Flags
r-devel-linux-x86_64-debian-clang 0.0.6 39.88 25.06 64.94 NOTE
r-devel-linux-x86_64-debian-gcc 0.0.6 36.79 20.77 57.56 NOTE
r-devel-linux-x86_64-fedora-clang 0.0.6 87.02 NOTE
r-devel-linux-x86_64-fedora-gcc 0.0.6 81.37 NOTE
r-devel-windows-ix86+x86_64 0.0.6 73.00 69.00 142.00 OK
r-patched-linux-x86_64 0.0.6 43.87 23.96 67.83 OK
r-patched-solaris-x86 0.0.6 78.10 OK
r-release-linux-x86_64 0.0.6 43.75 25.26 69.01 OK
r-release-windows-ix86+x86_64 0.0.6 73.00 70.00 143.00 OK
r-release-osx-x86_64 0.0.6 NOTE
r-oldrel-windows-ix86+x86_64 0.0.6 78.00 53.00 131.00 OK
r-oldrel-osx-x86_64 0.0.6 NOTE

Check Details

Version: 0.0.6
Check: use of SHLIB_OPENMP_*FLAGS in Makefiles
Result: NOTE
     src/Makevars: SHLIB_OPENMP_CXXFLAGS is included in PKG_LIBS but not in PKG_CXXFLAGS
     src/Makevars: it is not portable to include SHLIB_OPENMP_*' macros in PKG_CPPFLAGS
    Use of these macros is discussed in sect 1.2.1.1 of ‘Writing R
    Extensions’. The macros for different languages may differ so the
    matching macro must be used in PKG_CXXFLAGS (etc) and match that used
    in PKG_LIBS (except for Fortran: see the manual).
    PKG_CPPFLAGS is used for both C and C++ code so it is not portable to
    use it for these macros.
Flavors: r-devel-linux-x86_64-debian-clang, r-devel-linux-x86_64-debian-gcc, r-devel-linux-x86_64-fedora-clang, r-devel-linux-x86_64-fedora-gcc

Version: 0.0.6
Check: installed package size
Result: NOTE
     installed size is 18.6Mb
     sub-directories of 1Mb or more:
     data 1.3Mb
     libs 17.1Mb
Flavors: r-devel-linux-x86_64-fedora-clang, r-release-osx-x86_64, r-oldrel-osx-x86_64