CRAN Package Check Results for Package ForImp

Last updated on 2019-01-19 00:46:25 CET.

Flavor Version Tinstall Tcheck Ttotal Status Flags
r-devel-linux-x86_64-debian-clang 1.0.3 3.06 39.33 42.39 NOTE
r-devel-linux-x86_64-debian-gcc 1.0.3 2.49 31.60 34.09 NOTE
r-devel-linux-x86_64-fedora-clang 1.0.3 50.29 NOTE
r-devel-linux-x86_64-fedora-gcc 1.0.3 46.44 NOTE
r-devel-windows-ix86+x86_64 1.0.3 14.00 71.00 85.00 NOTE
r-patched-linux-x86_64 1.0.3 3.02 37.39 40.41 NOTE
r-patched-solaris-x86 1.0.3 80.50 NOTE
r-release-linux-x86_64 1.0.3 2.78 37.77 40.55 NOTE
r-release-windows-ix86+x86_64 1.0.3 12.00 74.00 86.00 NOTE
r-release-osx-x86_64 1.0.3 NOTE
r-oldrel-windows-ix86+x86_64 1.0.3 9.00 55.00 64.00 NOTE
r-oldrel-osx-x86_64 1.0.3 NOTE

Check Details

Version: 1.0.3
Check: DESCRIPTION meta-information
Result: NOTE
    Malformed Description field: should contain one or more complete sentences.
Flavors: r-devel-linux-x86_64-debian-clang, r-devel-linux-x86_64-debian-gcc, r-devel-linux-x86_64-fedora-clang, r-devel-linux-x86_64-fedora-gcc, r-devel-windows-ix86+x86_64, r-patched-linux-x86_64, r-patched-solaris-x86, r-release-linux-x86_64, r-release-windows-ix86+x86_64, r-release-osx-x86_64, r-oldrel-windows-ix86+x86_64, r-oldrel-osx-x86_64

Version: 1.0.3
Check: R code for possible problems
Result: NOTE
    ForImp: no visible global function definition for ‘head’
    ForImp: no visible global function definition for ‘tail’
    ForImp: no visible global function definition for ‘dist’
    medianimp: no visible global function definition for ‘quantile’
    rancatmat: no visible global function definition for ‘runif’
    transfmatcat: no visible global function definition for ‘qnorm’
    transfmatcat: no visible global function definition for ‘sd’
    Undefined global functions or variables:
     dist head qnorm quantile runif sd tail
    Consider adding
     importFrom("stats", "dist", "qnorm", "quantile", "runif", "sd")
     importFrom("utils", "head", "tail")
    to your NAMESPACE file.
Flavors: r-devel-linux-x86_64-debian-clang, r-devel-linux-x86_64-debian-gcc, r-devel-linux-x86_64-fedora-clang, r-devel-linux-x86_64-fedora-gcc, r-devel-windows-ix86+x86_64, r-patched-linux-x86_64, r-patched-solaris-x86, r-release-linux-x86_64, r-release-windows-ix86+x86_64, r-release-osx-x86_64, r-oldrel-windows-ix86+x86_64, r-oldrel-osx-x86_64