CRAN Package Check Results for Package ForestGapR

Last updated on 2019-01-19 00:46:25 CET.

Flavor Version Tinstall Tcheck Ttotal Status Flags
r-devel-linux-x86_64-debian-clang 0.0.2 1.47 33.00 34.47 OK
r-devel-linux-x86_64-debian-gcc 0.0.2 1.21 25.70 26.91 OK
r-devel-linux-x86_64-fedora-clang 0.0.2 40.00 NOTE
r-devel-linux-x86_64-fedora-gcc 0.0.2 37.68 NOTE
r-devel-windows-ix86+x86_64 0.0.2 4.00 62.00 66.00 OK
r-patched-linux-x86_64 0.0.2 1.41 31.00 32.41 OK
r-patched-solaris-x86 0.0.2 60.60 NOTE
r-release-linux-x86_64 0.0.2 1.11 31.01 32.12 OK
r-release-windows-ix86+x86_64 0.0.2 5.00 62.00 67.00 OK
r-release-osx-x86_64 0.0.2 NOTE
r-oldrel-windows-ix86+x86_64 0.0.2 4.00 42.00 46.00 OK

Check Details

Version: 0.0.2
Check: dependencies in R code
Result: NOTE
    Namespaces in Imports field not imported from:
     ‘igraph’ ‘rgeos’ ‘viridis’
     All declared Imports should be used.
Flavors: r-devel-linux-x86_64-fedora-clang, r-devel-linux-x86_64-fedora-gcc, r-patched-solaris-x86, r-release-osx-x86_64