Last updated on 2019-01-19 00:46:26 CET.
Flavor | Version | Tinstall | Tcheck | Ttotal | Status | Flags |
---|---|---|---|---|---|---|
r-devel-linux-x86_64-debian-clang | 1.2.1 | 26.79 | 234.66 | 261.45 | OK | |
r-devel-linux-x86_64-debian-gcc | 1.2.1 | 23.93 | 171.79 | 195.72 | OK | |
r-devel-linux-x86_64-fedora-clang | 1.2.1 | 315.30 | OK | |||
r-devel-linux-x86_64-fedora-gcc | 1.2.1 | 289.78 | OK | |||
r-devel-windows-ix86+x86_64 | 1.2.1 | 66.00 | 406.00 | 472.00 | OK | |
r-patched-linux-x86_64 | 1.2.1 | 29.63 | 209.99 | 239.62 | OK | |
r-patched-solaris-x86 | 1.2.1 | 387.50 | OK | |||
r-release-linux-x86_64 | 1.2.1 | 30.76 | 209.46 | 240.22 | OK | |
r-release-windows-ix86+x86_64 | 1.2.1 | 70.00 | 362.00 | 432.00 | OK | |
r-release-osx-x86_64 | 1.2.1 | OK | ||||
r-oldrel-osx-x86_64 | 1.2.1 | ERROR |
Version: 1.2.1
Check: whether package can be installed
Result: ERROR
Installation failed.
Flavor: r-oldrel-osx-x86_64