CRAN Package Check Results for Package GxM

Last updated on 2019-01-19 00:46:28 CET.

Flavor Version Tinstall Tcheck Ttotal Status Flags
r-devel-linux-x86_64-debian-clang 1.1 5.97 44.78 50.75 NOTE
r-devel-linux-x86_64-debian-gcc 1.1 4.35 34.47 38.82 NOTE
r-devel-linux-x86_64-fedora-clang 1.1 57.57 NOTE
r-devel-linux-x86_64-fedora-gcc 1.1 53.17 NOTE
r-devel-windows-ix86+x86_64 1.1 10.00 68.00 78.00 NOTE
r-patched-linux-x86_64 1.1 4.30 41.62 45.92 NOTE
r-patched-solaris-x86 1.1 78.00 NOTE
r-release-linux-x86_64 1.1 3.52 41.36 44.88 NOTE
r-release-windows-ix86+x86_64 1.1 10.00 79.00 89.00 NOTE
r-release-osx-x86_64 1.1 NOTE
r-oldrel-windows-ix86+x86_64 1.1 5.00 71.00 76.00 NOTE
r-oldrel-osx-x86_64 1.1 NOTE

Check Details

Version: 1.1
Check: R code for possible problems
Result: NOTE
    GxMestimator: no visible global function definition for ‘na.omit’
    initialization_chol: no visible global function definition for ‘cov’
    initialization_corr: no visible global function definition for ‘cov’
    initialization_nlmain: no visible global function definition for
     ‘lm.fit’
    print.summaryGxMclass: no visible global function definition for
     ‘pnorm’
    print.summaryGxMclass: no visible global function definition for
     ‘printCoefmat’
    Undefined global functions or variables:
     cov lm.fit na.omit pnorm printCoefmat
    Consider adding
     importFrom("stats", "cov", "lm.fit", "na.omit", "pnorm",
     "printCoefmat")
    to your NAMESPACE file.
Flavors: r-devel-linux-x86_64-debian-clang, r-devel-linux-x86_64-debian-gcc, r-devel-linux-x86_64-fedora-clang, r-devel-linux-x86_64-fedora-gcc, r-devel-windows-ix86+x86_64, r-patched-linux-x86_64, r-patched-solaris-x86, r-release-linux-x86_64, r-release-windows-ix86+x86_64, r-release-osx-x86_64, r-oldrel-windows-ix86+x86_64, r-oldrel-osx-x86_64