CRAN Package Check Results for Package HKprocess

Last updated on 2019-01-19 00:46:28 CET.

Flavor Version Tinstall Tcheck Ttotal Status Flags
r-devel-linux-x86_64-debian-clang 0.0-2 6.23 60.99 67.22 NOTE
r-devel-linux-x86_64-debian-gcc 0.0-2 5.97 48.50 54.47 NOTE
r-devel-linux-x86_64-fedora-clang 0.0-2 80.37 NOTE
r-devel-linux-x86_64-fedora-gcc 0.0-2 76.86 NOTE
r-devel-windows-ix86+x86_64 0.0-2 28.00 126.00 154.00 OK
r-patched-linux-x86_64 0.0-2 6.56 59.22 65.78 NOTE
r-patched-solaris-x86 0.0-2 126.20 NOTE
r-release-linux-x86_64 0.0-2 6.74 59.37 66.11 NOTE
r-release-windows-ix86+x86_64 0.0-2 28.00 123.00 151.00 OK
r-release-osx-x86_64 0.0-2 OK
r-oldrel-windows-ix86+x86_64 0.0-2 25.00 95.00 120.00 OK
r-oldrel-osx-x86_64 0.0-2 OK

Check Details

Version: 0.0-2
Check: package dependencies
Result: NOTE
    Package suggested but not available for checking: ‘FGN’
Flavors: r-devel-linux-x86_64-debian-clang, r-devel-linux-x86_64-debian-gcc, r-devel-linux-x86_64-fedora-clang, r-devel-linux-x86_64-fedora-gcc, r-patched-linux-x86_64, r-patched-solaris-x86, r-release-linux-x86_64

Version: 0.0-2
Check: compiled code
Result: NOTE
    File ‘HKprocess/libs/HKprocess.so’:
     Found no calls to: ‘R_registerRoutines’, ‘R_useDynamicSymbols’
    
    It is good practice to register native routines and to disable symbol
    search.
    
    See ‘Writing portable packages’ in the ‘Writing R Extensions’ manual.
Flavors: r-devel-linux-x86_64-fedora-clang, r-devel-linux-x86_64-fedora-gcc