Last updated on 2019-01-19 00:46:28 CET.
Flavor | Version | Tinstall | Tcheck | Ttotal | Status | Flags |
---|---|---|---|---|---|---|
r-devel-linux-x86_64-debian-clang | 1.4.0 | 0.63 | 2.37 | 3.00 | ERROR | --no-vignettes |
r-devel-linux-x86_64-debian-gcc | 1.4.0 | 4.51 | 233.95 | 238.46 | OK | --no-vignettes |
r-devel-linux-x86_64-fedora-clang | 1.4.0 | 2593.92 | NOTE | |||
r-devel-linux-x86_64-fedora-gcc | 1.4.0 | 2442.26 | NOTE | |||
r-devel-windows-ix86+x86_64 | 1.4.0 | 16.00 | 405.00 | 421.00 | OK | --no-vignettes |
r-patched-linux-x86_64 | 1.4.0 | 4.20 | 308.55 | 312.75 | OK | --no-vignettes |
r-patched-solaris-x86 | 1.4.0 | 2801.50 | NOTE | |||
r-release-linux-x86_64 | 1.4.0 | 5.77 | 309.07 | 314.84 | OK | --no-vignettes |
r-release-windows-ix86+x86_64 | 1.4.0 | 20.00 | 440.00 | 460.00 | OK | --no-vignettes |
r-release-osx-x86_64 | 1.4.0 | NOTE | ||||
r-oldrel-windows-ix86+x86_64 | 1.4.0 | 13.00 | 131.00 | 144.00 | OK | --no-vignettes |
r-oldrel-osx-x86_64 | 1.4.0 | NOTE |
Version: 1.4.0
Flags: --no-vignettes
Check: package dependencies
Result: ERROR
Package required but not available: ‘phyloseq’
See section ‘The DESCRIPTION file’ in the ‘Writing R Extensions’
manual.
Flavor: r-devel-linux-x86_64-debian-clang
Version: 1.4.0
Check: dependencies in R code
Result: NOTE
Namespace in Imports field not imported from: ‘igraph’
All declared Imports should be used.
Flavors: r-devel-linux-x86_64-fedora-clang, r-devel-linux-x86_64-fedora-gcc, r-patched-solaris-x86, r-release-osx-x86_64, r-oldrel-osx-x86_64