Last updated on 2019-01-19 00:46:29 CET.
Flavor | Version | Tinstall | Tcheck | Ttotal | Status | Flags |
---|---|---|---|---|---|---|
r-devel-linux-x86_64-debian-clang | 0.9.8 | 118.10 | 109.75 | 227.85 | OK | |
r-devel-linux-x86_64-debian-gcc | 0.9.8 | 99.83 | 81.07 | 180.90 | OK | |
r-devel-linux-x86_64-fedora-clang | 0.9.8 | 341.92 | NOTE | |||
r-devel-linux-x86_64-fedora-gcc | 0.9.8 | 287.20 | OK | |||
r-devel-windows-ix86+x86_64 | 0.9.8 | 353.00 | 314.00 | 667.00 | OK | |
r-patched-linux-x86_64 | 0.9.8 | 131.14 | 103.33 | 234.47 | OK | |
r-patched-solaris-x86 | 0.9.8 | 279.10 | OK | |||
r-release-linux-x86_64 | 0.9.8 | 134.26 | 101.21 | 235.47 | OK | |
r-release-windows-ix86+x86_64 | 0.9.8 | 247.00 | 237.00 | 484.00 | OK | |
r-release-osx-x86_64 | 0.9.8 | NOTE | ||||
r-oldrel-windows-ix86+x86_64 | 0.9.8 | 266.00 | 172.00 | 438.00 | OK | |
r-oldrel-osx-x86_64 | 0.9.7 | NOTE |
Version: 0.9.8
Check: installed package size
Result: NOTE
installed size is 8.0Mb
sub-directories of 1Mb or more:
libs 7.2Mb
Flavors: r-devel-linux-x86_64-fedora-clang, r-release-osx-x86_64
Version: 0.9.7
Check: installed package size
Result: NOTE
installed size is 5.2Mb
sub-directories of 1Mb or more:
libs 4.7Mb
Flavor: r-oldrel-osx-x86_64