Last updated on 2019-01-19 00:46:29 CET.
Flavor | Version | Tinstall | Tcheck | Ttotal | Status | Flags |
---|---|---|---|---|---|---|
r-devel-linux-x86_64-debian-clang | 0.7 | 2.26 | 24.03 | 26.29 | NOTE | |
r-devel-linux-x86_64-debian-gcc | 0.7 | 1.83 | 18.94 | 20.77 | NOTE | |
r-devel-linux-x86_64-fedora-clang | 0.7 | 31.89 | NOTE | |||
r-devel-linux-x86_64-fedora-gcc | 0.7 | 28.85 | NOTE | |||
r-devel-windows-ix86+x86_64 | 0.7 | 10.00 | 53.00 | 63.00 | OK | |
r-patched-linux-x86_64 | 0.7 | 2.21 | 21.76 | 23.97 | NOTE | |
r-patched-solaris-x86 | 0.7 | 44.20 | OK | |||
r-release-linux-x86_64 | 0.7 | 2.14 | 21.88 | 24.02 | NOTE | |
r-release-windows-ix86+x86_64 | 0.7 | 7.00 | 53.00 | 60.00 | OK | |
r-release-osx-x86_64 | 0.7 | OK | ||||
r-oldrel-windows-ix86+x86_64 | 0.7 | 5.00 | 34.00 | 39.00 | OK | |
r-oldrel-osx-x86_64 | 0.7 | OK |
Version: 0.7
Check: DESCRIPTION meta-information
Result: NOTE
Dependence on R version ‘3.4.2’ not with patchlevel 0
Flavors: r-devel-linux-x86_64-debian-clang, r-devel-linux-x86_64-debian-gcc, r-devel-linux-x86_64-fedora-clang, r-devel-linux-x86_64-fedora-gcc, r-patched-linux-x86_64, r-release-linux-x86_64