Last updated on 2019-01-19 00:46:30 CET.
Flavor | Version | Tinstall | Tcheck | Ttotal | Status | Flags |
---|---|---|---|---|---|---|
r-devel-linux-x86_64-debian-clang | 1.9 | 12.81 | 86.77 | 99.58 | OK | |
r-devel-linux-x86_64-debian-gcc | 1.9 | 8.88 | 67.22 | 76.10 | OK | |
r-devel-linux-x86_64-fedora-clang | 1.9 | 114.14 | NOTE | |||
r-devel-linux-x86_64-fedora-gcc | 1.9 | 105.61 | NOTE | |||
r-devel-windows-ix86+x86_64 | 1.9 | 20.00 | 131.00 | 151.00 | OK | |
r-patched-linux-x86_64 | 1.9 | 9.34 | 81.39 | 90.73 | OK | |
r-patched-solaris-x86 | 1.9 | 164.70 | NOTE | |||
r-release-linux-x86_64 | 1.9 | 9.65 | 82.26 | 91.91 | OK | |
r-release-windows-ix86+x86_64 | 1.9 | 20.00 | 126.00 | 146.00 | OK | |
r-release-osx-x86_64 | 1.9 | NOTE | ||||
r-oldrel-windows-ix86+x86_64 | 1.9 | 15.00 | 92.00 | 107.00 | OK | |
r-oldrel-osx-x86_64 | 1.9 | NOTE |
Version: 1.9
Check: data for non-ASCII characters
Result: NOTE
Note: found 9 marked Latin-1 strings
Flavors: r-devel-linux-x86_64-fedora-clang, r-devel-linux-x86_64-fedora-gcc, r-patched-solaris-x86, r-release-osx-x86_64, r-oldrel-osx-x86_64