CRAN Package Check Results for Package LAGOSNE

Last updated on 2019-01-19 00:46:30 CET.

Flavor Version Tinstall Tcheck Ttotal Status Flags
r-devel-linux-x86_64-debian-clang 1.1.0 4.37 53.90 58.27 OK
r-devel-linux-x86_64-debian-gcc 1.1.0 4.45 45.13 49.58 OK
r-devel-linux-x86_64-fedora-clang 1.1.0 68.90 OK
r-devel-linux-x86_64-fedora-gcc 1.1.0 65.77 OK
r-devel-windows-ix86+x86_64 1.1.0 13.00 95.00 108.00 OK
r-patched-linux-x86_64 1.1.0 4.30 48.25 52.55 NOTE
r-patched-solaris-x86 1.1.0 116.50 OK
r-release-linux-x86_64 1.1.0 3.90 48.71 52.61 NOTE
r-release-windows-ix86+x86_64 1.1.0 19.00 169.00 188.00 OK
r-release-osx-x86_64 1.1.0 OK
r-oldrel-windows-ix86+x86_64 1.1.0 13.00 68.00 81.00 OK
r-oldrel-osx-x86_64 1.1.0 OK

Check Details

Version: 1.1.0
Check: DESCRIPTION meta-information
Result: NOTE
    Dependence on R version ‘3.3.1’ not with patchlevel 0
Flavors: r-patched-linux-x86_64, r-release-linux-x86_64