CRAN Package Check Results for Package LearningRlab

Last updated on 2019-01-19 00:46:30 CET.

Flavor Version Tinstall Tcheck Ttotal Status Flags
r-devel-linux-x86_64-debian-clang 1.3 3.93 32.35 36.28 OK
r-devel-linux-x86_64-debian-gcc 1.3 2.89 25.52 28.41 OK
r-devel-linux-x86_64-fedora-clang 1.3 44.35 NOTE
r-devel-linux-x86_64-fedora-gcc 1.3 39.59 NOTE
r-devel-windows-ix86+x86_64 1.3 23.00 87.00 110.00 OK
r-patched-linux-x86_64 1.3 2.53 29.85 32.38 OK
r-patched-solaris-x86 1.3 66.00 OK
r-release-linux-x86_64 1.3 2.94 29.97 32.91 OK
r-release-windows-ix86+x86_64 1.3 12.00 77.00 89.00 OK
r-release-osx-x86_64 1.3 OK
r-oldrel-windows-ix86+x86_64 1.3 11.00 56.00 67.00 OK
r-oldrel-osx-x86_64 1.3 OK

Check Details

Version: 1.3
Check: compiled code
Result: NOTE
    File ‘LearningRlab/libs/LearningRlab.so’:
     Found no calls to: ‘R_registerRoutines’, ‘R_useDynamicSymbols’
    
    It is good practice to register native routines and to disable symbol
    search.
    
    See ‘Writing portable packages’ in the ‘Writing R Extensions’ manual.
Flavors: r-devel-linux-x86_64-fedora-clang, r-devel-linux-x86_64-fedora-gcc