CRAN Package Check Results for Package MHTcop

Last updated on 2019-01-19 00:46:33 CET.

Flavor Version Tinstall Tcheck Ttotal Status Flags
r-devel-linux-x86_64-debian-clang 0.1.0 1.48 38.55 40.03 WARN
r-devel-linux-x86_64-debian-gcc 0.1.0 1.15 29.67 30.82 WARN
r-devel-linux-x86_64-fedora-clang 0.1.0 48.16 WARN
r-devel-linux-x86_64-fedora-gcc 0.1.0 44.38 WARN
r-devel-windows-ix86+x86_64 0.1.0 4.00 74.00 78.00 WARN
r-patched-linux-x86_64 0.1.0 1.36 34.15 35.51 OK
r-patched-solaris-x86 0.1.0 64.00 NOTE
r-release-linux-x86_64 0.1.0 1.36 34.06 35.42 OK
r-release-windows-ix86+x86_64 0.1.0 5.00 65.00 70.00 OK
r-release-osx-x86_64 0.1.0 NOTE
r-oldrel-windows-ix86+x86_64 0.1.0 4.00 66.00 70.00 OK
r-oldrel-osx-x86_64 0.1.0 NOTE

Check Details

Version: 0.1.0
Check: re-building of vignette outputs
Result: WARN
    Error(s) in re-building vignettes:
     ...
    duplicated vignette title:
     ‘Vignette Title’
    
    --- re-building ‘fdr-test.Rmd’ using rmarkdown
    --- finished re-building ‘fdr-test.Rmd’
    
    --- re-building ‘fwer-support-test.Rmd’ using rmarkdown
    --- finished re-building ‘fwer-support-test.Rmd’
    
    --- re-building ‘fwer-ztest.Rmd’ using rmarkdown
    --- finished re-building ‘fwer-ztest.Rmd’
    
    Error: Duplicate vignette titles.
     Ensure that the %\VignetteIndexEntry lines in the vignette sources
     correspond to the vignette titles.
    Execution halted
Flavors: r-devel-linux-x86_64-debian-clang, r-devel-linux-x86_64-debian-gcc

Version: 0.1.0
Check: dependencies in R code
Result: NOTE
    Namespaces in Imports field not imported from:
     ‘MCMCpack’ ‘copula’
     All declared Imports should be used.
Flavors: r-devel-linux-x86_64-fedora-clang, r-devel-linux-x86_64-fedora-gcc, r-patched-solaris-x86, r-release-osx-x86_64, r-oldrel-osx-x86_64

Version: 0.1.0
Check: re-building of vignette outputs
Result: WARN
    Error(s) in re-building vignettes:
    duplicated vignette title:
     ‘Vignette Title’
    
    --- re-building ‘fdr-test.Rmd’ using rmarkdown
    --- finished re-building ‘fdr-test.Rmd’
    
    --- re-building ‘fwer-support-test.Rmd’ using rmarkdown
    --- finished re-building ‘fwer-support-test.Rmd’
    
    --- re-building ‘fwer-ztest.Rmd’ using rmarkdown
    --- finished re-building ‘fwer-ztest.Rmd’
    
    Error: Duplicate vignette titles.
     Ensure that the %\VignetteIndexEntry lines in the vignette sources
     correspond to the vignette titles.
    Execution halted
Flavors: r-devel-linux-x86_64-fedora-clang, r-devel-linux-x86_64-fedora-gcc, r-devel-windows-ix86+x86_64