Last updated on 2019-01-19 00:46:33 CET.
Flavor | Version | Tinstall | Tcheck | Ttotal | Status | Flags |
---|---|---|---|---|---|---|
r-devel-linux-x86_64-debian-clang | 1.1 | 3.89 | 47.14 | 51.03 | OK | |
r-devel-linux-x86_64-debian-gcc | 1.1 | 2.94 | 35.16 | 38.10 | OK | |
r-devel-linux-x86_64-fedora-clang | 1.1 | 59.06 | OK | |||
r-devel-linux-x86_64-fedora-gcc | 1.1 | 53.29 | OK | |||
r-devel-windows-ix86+x86_64 | 1.1 | 10.00 | 82.00 | 92.00 | WARN | |
r-patched-linux-x86_64 | 1.1 | 3.18 | 42.17 | 45.35 | OK | |
r-patched-solaris-x86 | 1.1 | 96.10 | OK | |||
r-release-linux-x86_64 | 1.1 | 3.53 | 42.34 | 45.87 | OK | |
r-release-windows-ix86+x86_64 | 1.1 | 11.00 | 91.00 | 102.00 | OK | |
r-release-osx-x86_64 | 1.1 | OK | ||||
r-oldrel-windows-ix86+x86_64 | 1.1 | 10.00 | 86.00 | 96.00 | OK | |
r-oldrel-osx-x86_64 | 1.1 | OK |
Version: 1.1
Check: whether package can be installed
Result: WARN
Found the following significant warnings:
Warning: S3 methods '[.fun_list', '[.grouped_df', 'all.equal.tbl_df', 'anti_join.data.frame', 'anti_join.tbl_df', 'arrange.data.frame', 'arrange.default', 'arrange.grouped_df', 'arrange.tbl_df', 'arrange_.data.frame', 'arrange_.tbl_df', 'as.data.frame.grouped_df', 'as.data.frame.rowwise_df', 'as.data.frame.tbl_cube', 'as.table.tbl_cube', 'as.tbl.data.frame', 'as.tbl.tbl', 'as.tbl_cube.array', 'as.tbl_cube.data.frame', 'as.tbl_cube.matrix', 'as.tbl_cube.table', 'as_tibble.grouped_df', 'as_tibble.tbl_cube', 'auto_copy.tbl_cube', 'auto_copy.tbl_df', 'cbind.grouped_df', 'collapse.data.frame', 'collect.data.frame', 'common_by.NULL', 'common_by.character', 'common_by.default', 'common_by.list', 'compute.data.frame', 'copy_to.DBIConnection', 'copy_to.src_local', 'default_missing.data.frame', 'default_missing.default', 'dim.tbl_cube', 'distinct.data.frame', 'distinct.default', 'distinct.grouped_df', 'distinct.tbl_df', 'distinct_.data.frame', 'distinct_.grouped_df', 'distinct_.tbl_df', 'do.NULL', 'do.da [... truncated]
Flavor: r-devel-windows-ix86+x86_64