Last updated on 2019-01-19 00:46:33 CET.
Flavor | Version | Tinstall | Tcheck | Ttotal | Status | Flags |
---|---|---|---|---|---|---|
r-devel-linux-x86_64-debian-clang | 1.3.7 | 13.06 | 158.18 | 171.24 | OK | |
r-devel-linux-x86_64-debian-gcc | 1.3.7 | 12.44 | 128.24 | 140.68 | OK | |
r-devel-linux-x86_64-fedora-clang | 1.3.7 | 209.22 | OK | |||
r-devel-linux-x86_64-fedora-gcc | 1.3.7 | 198.42 | OK | |||
r-devel-windows-ix86+x86_64 | 1.3.7 | 32.00 | 233.00 | 265.00 | OK | |
r-patched-linux-x86_64 | 1.3.7 | 12.42 | 152.65 | 165.07 | OK | |
r-patched-solaris-x86 | 1.3.7 | 313.50 | OK | |||
r-release-linux-x86_64 | 1.3.7 | 12.86 | 151.10 | 163.96 | OK | |
r-release-windows-ix86+x86_64 | 1.3.7 | 26.00 | 223.00 | 249.00 | OK | |
r-release-osx-x86_64 | 1.3.7 | ERROR | ||||
r-oldrel-windows-ix86+x86_64 | 1.3.7 | 28.00 | 177.00 | 205.00 | OK | |
r-oldrel-osx-x86_64 | 1.3.7 | ERROR |
Version: 1.3.7
Check: package dependencies
Result: ERROR
Package required but not available: ‘gWidgetsRGtk2’
See section ‘The DESCRIPTION file’ in the ‘Writing R Extensions’
manual.
Flavors: r-release-osx-x86_64, r-oldrel-osx-x86_64