Last updated on 2019-01-19 00:46:34 CET.
Flavor | Version | Tinstall | Tcheck | Ttotal | Status | Flags |
---|---|---|---|---|---|---|
r-devel-linux-x86_64-debian-clang | 1.0.36 | 7.02 | 160.89 | 167.91 | OK | |
r-devel-linux-x86_64-debian-gcc | 1.0.36 | 5.34 | 121.74 | 127.08 | OK | |
r-devel-linux-x86_64-fedora-clang | 1.0.36 | 197.98 | OK | |||
r-devel-linux-x86_64-fedora-gcc | 1.0.36 | 189.77 | OK | |||
r-devel-windows-ix86+x86_64 | 1.0.36 | 16.00 | 214.00 | 230.00 | OK | |
r-patched-linux-x86_64 | 1.0.36 | 7.99 | 150.34 | 158.33 | NOTE | |
r-patched-solaris-x86 | 1.0.36 | 268.00 | OK | |||
r-release-linux-x86_64 | 1.0.36 | 5.79 | 148.08 | 153.87 | NOTE | |
r-release-windows-ix86+x86_64 | 1.0.36 | 17.00 | 213.00 | 230.00 | OK | |
r-release-osx-x86_64 | 1.0.36 | OK | ||||
r-oldrel-windows-ix86+x86_64 | 1.0.36 | 15.00 | 232.00 | 247.00 | OK | |
r-oldrel-osx-x86_64 | 1.0.36 | OK |
Version: 1.0.36
Check: DESCRIPTION meta-information
Result: NOTE
Dependence on R version ‘3.3.3’ not with patchlevel 0
Flavors: r-patched-linux-x86_64, r-release-linux-x86_64