CRAN Package Check Results for Package MSGLasso

Last updated on 2019-01-19 00:46:34 CET.

Flavor Version Tinstall Tcheck Ttotal Status Flags
r-devel-linux-x86_64-debian-clang 2.1 2.66 20.13 22.79 OK
r-devel-linux-x86_64-debian-gcc 2.1 1.33 16.13 17.46 OK
r-devel-linux-x86_64-fedora-clang 2.1 26.85 NOTE
r-devel-linux-x86_64-fedora-gcc 2.1 24.99 NOTE
r-devel-windows-ix86+x86_64 2.1 6.00 32.00 38.00 OK
r-patched-linux-x86_64 2.1 1.93 18.63 20.56 OK
r-patched-solaris-x86 2.1 42.70 OK
r-release-linux-x86_64 2.1 2.23 18.60 20.83 OK
r-release-windows-ix86+x86_64 2.1 6.00 33.00 39.00 OK
r-release-osx-x86_64 2.1 OK
r-oldrel-windows-ix86+x86_64 2.1 6.00 28.00 34.00 OK
r-oldrel-osx-x86_64 2.1 OK

Check Details

Version: 2.1
Check: compiled code
Result: NOTE
    File ‘MSGLasso/libs/MSGLasso.so’:
     Found no calls to: ‘R_registerRoutines’, ‘R_useDynamicSymbols’
    
    It is good practice to register native routines and to disable symbol
    search.
    
    See ‘Writing portable packages’ in the ‘Writing R Extensions’ manual.
Flavors: r-devel-linux-x86_64-fedora-clang, r-devel-linux-x86_64-fedora-gcc